{"id":856,"date":"2017-11-02T21:56:51","date_gmt":"2017-11-02T19:56:51","guid":{"rendered":"http:\/\/f9project.com\/?page_id=856"},"modified":"2017-11-02T22:08:09","modified_gmt":"2017-11-02T20:08:09","slug":"nd-filtreler-yurt-ici-mugla","status":"publish","type":"page","link":"https:\/\/f9project.com\/?page_id=856","title":{"rendered":"ND Filtreler \u2013 Yurt i\u00e7i \u2013 Mu\u011fla"},"content":{"rendered":"\t\t<div data-elementor-type=\"wp-page\" data-elementor-id=\"856\" class=\"elementor elementor-856 elementor-bc-flex-widget\">\n\t\t\t\t\t\t<section class=\"elementor-section elementor-top-section elementor-element elementor-element-qfyasn3 elementor-section-boxed elementor-section-height-default elementor-section-height-default\" data-id=\"qfyasn3\" data-element_type=\"section\">\n\t\t\t\t\t\t<div class=\"elementor-container elementor-column-gap-default\">\n\t\t\t\t\t<div class=\"elementor-column elementor-col-100 elementor-top-column elementor-element elementor-element-fdg80in\" data-id=\"fdg80in\" data-element_type=\"column\">\n\t\t\t<div class=\"elementor-widget-wrap elementor-element-populated\">\n\t\t\t\t\t\t<div class=\"elementor-element elementor-element-lefec4s elementor-widget elementor-widget-wp-widget-metaslider_widget\" data-id=\"lefec4s\" data-element_type=\"widget\" data-widget_type=\"wp-widget-metaslider_widget.default\">\n\t\t\t\t<div class=\"elementor-widget-container\">\n\t\t\t<div id=\"metaslider-id-859\" style=\"max-width: 900px; margin: 0 auto;\" class=\"ml-slider-3-70-2 metaslider metaslider-flex metaslider-859 ml-slider ms-theme-default\" role=\"region\" aria-roledescription=\"Slideshow\" aria-label=\"ND-yi-Mu\u011fla\">\n    <div id=\"metaslider_container_859\">\n        <div id=\"metaslider_859\">\n            <ul aria-live=\"polite\" class=\"slides\">\n                <li style=\"display: block; width: 100%;\" class=\"slide-866 ms-image \" aria-roledescription=\"slide\" aria-label=\"slide-866\"><img fetchpriority=\"high\" decoding=\"async\" src=\"https:\/\/f9project.com\/wp-content\/uploads\/2017\/11\/01_Mugla-900x600.jpg\" height=\"600\" width=\"900\" alt=\"Mu\u011fla, Bodrum Kalesi, 2015, Neutral Density Filter\" class=\"slider-859 slide-866\" \/><div class=\"caption-wrap\"><div class=\"caption\">Mu\u011fla, Bodrum Kalesi, 2015, Neutral Density Filter<\/div><\/div><\/li>\n                <li style=\"display: none; width: 100%;\" class=\"slide-867 ms-image \" aria-roledescription=\"slide\" aria-label=\"slide-867\"><img decoding=\"async\" src=\"https:\/\/f9project.com\/wp-content\/uploads\/2017\/11\/02_Mugla-900x600.jpg\" height=\"600\" width=\"900\" alt=\"Mu\u011fla, Bodrum, Yal\u0131kavak, Yelde\u011firmenleri, 2015, Neutral Density Filter\" class=\"slider-859 slide-867\" \/><div class=\"caption-wrap\"><div class=\"caption\">Mu\u011fla, Bodrum, Yal\u0131kavak, Yelde\u011firmenleri, 2015, Neutral Density Filter<\/div><\/div><\/li>\n                <li style=\"display: none; width: 100%;\" class=\"slide-868 ms-image \" aria-roledescription=\"slide\" aria-label=\"slide-868\"><img decoding=\"async\" src=\"https:\/\/f9project.com\/wp-content\/uploads\/2017\/11\/03_Mugla-900x600.jpg\" height=\"600\" width=\"900\" alt=\"Mu\u011fla, Bodrum Kalesi, 2015, Neutral Density Filter\" class=\"slider-859 slide-868\" \/><div class=\"caption-wrap\"><div class=\"caption\">Mu\u011fla, Bodrum Kalesi, 2015, Neutral Density Filter<\/div><\/div><\/li>\n                <li style=\"display: none; width: 100%;\" class=\"slide-869 ms-image \" aria-roledescription=\"slide\" aria-label=\"slide-869\"><img loading=\"lazy\" decoding=\"async\" src=\"https:\/\/f9project.com\/wp-content\/uploads\/2017\/11\/04_Mugla-900x600.jpg\" height=\"600\" width=\"900\" alt=\"Mu\u011fla, Bodrum , Bitez, 2016, Neutral Density Filter\" class=\"slider-859 slide-869\" \/><div class=\"caption-wrap\"><div class=\"caption\">Mu\u011fla, Bodrum , Bitez, 2016, Neutral Density Filter<\/div><\/div><\/li>\n                <li style=\"display: none; width: 100%;\" class=\"slide-870 ms-image \" aria-roledescription=\"slide\" aria-label=\"slide-870\"><img loading=\"lazy\" decoding=\"async\" src=\"https:\/\/f9project.com\/wp-content\/uploads\/2017\/11\/05_Mugla-900x600.jpg\" height=\"600\" width=\"900\" alt=\"Mu\u011fla, Bodrum, Akyarlar, 2016, Neutral Density Filter\" class=\"slider-859 slide-870\" \/><div class=\"caption-wrap\"><div class=\"caption\">Mu\u011fla, Bodrum, Akyarlar, 2016, Neutral Density Filter<\/div><\/div><\/li>\n                <li style=\"display: none; width: 100%;\" class=\"slide-871 ms-image \" aria-roledescription=\"slide\" aria-label=\"slide-871\"><img loading=\"lazy\" decoding=\"async\" src=\"https:\/\/f9project.com\/wp-content\/uploads\/2017\/11\/06_Mugla-900x600.jpg\" height=\"600\" width=\"900\" alt=\"Mu\u011fla, Bodrum , Bitez, 2016, Neutral Density Filter\" class=\"slider-859 slide-871\" \/><div class=\"caption-wrap\"><div class=\"caption\">Mu\u011fla, Bodrum , Bitez, 2016, Neutral Density Filter<\/div><\/div><\/li>\n                <li style=\"display: none; width: 100%;\" class=\"slide-876 ms-image \" aria-roledescription=\"slide\" aria-label=\"slide-876\"><img loading=\"lazy\" decoding=\"async\" src=\"https:\/\/f9project.com\/wp-content\/uploads\/2017\/11\/07_Mugla-900x600.jpg\" height=\"600\" width=\"900\" alt=\"Mu\u011fla, Dalyan K\u00f6yce\u011fiz, 2017, Neutral Density Filter\" class=\"slider-859 slide-876\" \/><div class=\"caption-wrap\"><div class=\"caption\">Mu\u011fla, Dalyan K\u00f6yce\u011fiz, 2017, Neutral Density Filter<\/div><\/div><\/li>\n                <li style=\"display: none; width: 100%;\" class=\"slide-877 ms-image \" aria-roledescription=\"slide\" aria-label=\"slide-877\"><img loading=\"lazy\" decoding=\"async\" src=\"https:\/\/f9project.com\/wp-content\/uploads\/2017\/11\/08_Mugla-900x600.jpg\" height=\"600\" width=\"900\" alt=\"Mu\u011fla, Dalyan K\u00f6yce\u011fiz, 2017, Neutral Density Filter\" class=\"slider-859 slide-877\" \/><div class=\"caption-wrap\"><div class=\"caption\">Mu\u011fla, Dalyan K\u00f6yce\u011fiz, 2017, Neutral Density Filter<\/div><\/div><\/li>\n                <li style=\"display: none; width: 100%;\" class=\"slide-878 ms-image \" aria-roledescription=\"slide\" aria-label=\"slide-878\"><img loading=\"lazy\" decoding=\"async\" src=\"https:\/\/f9project.com\/wp-content\/uploads\/2017\/11\/09_Mugla-900x600.jpg\" height=\"600\" width=\"900\" alt=\"Mu\u011fla, Dalyan K\u00f6yce\u011fiz, 2017, Neutral Density Filter\" class=\"slider-859 slide-878\" \/><div class=\"caption-wrap\"><div class=\"caption\">Mu\u011fla, Dalyan K\u00f6yce\u011fiz, 2017, Neutral Density Filter<\/div><\/div><\/li>\n                <li style=\"display: none; width: 100%;\" class=\"slide-879 ms-image \" aria-roledescription=\"slide\" aria-label=\"slide-879\"><img loading=\"lazy\" decoding=\"async\" src=\"https:\/\/f9project.com\/wp-content\/uploads\/2017\/11\/10_Mugla-900x600.jpg\" height=\"600\" width=\"900\" alt=\"Mu\u011fla, Dalyan K\u00f6yce\u011fiz, 2017, Neutral Density Filter\" class=\"slider-859 slide-879\" \/><div class=\"caption-wrap\"><div class=\"caption\">Mu\u011fla, Dalyan K\u00f6yce\u011fiz, 2017, Neutral Density Filter<\/div><\/div><\/li>\n                <li style=\"display: none; width: 100%;\" class=\"slide-881 ms-image \" aria-roledescription=\"slide\" aria-label=\"slide-881\"><img loading=\"lazy\" decoding=\"async\" src=\"https:\/\/f9project.com\/wp-content\/uploads\/2017\/11\/11_Mugla-900x600.jpg\" height=\"600\" width=\"900\" alt=\"Mu\u011fla, Fethiye, 2017, Neutral Density Filter\" class=\"slider-859 slide-881\" \/><div class=\"caption-wrap\"><div class=\"caption\">Mu\u011fla, Fethiye, 2017, Neutral Density Filter<\/div><\/div><\/li>\n                <li style=\"display: none; width: 100%;\" class=\"slide-883 ms-image \" aria-roledescription=\"slide\" aria-label=\"slide-883\"><img loading=\"lazy\" decoding=\"async\" src=\"https:\/\/f9project.com\/wp-content\/uploads\/2017\/11\/12_Mugla-900x600.jpg\" height=\"600\" width=\"900\" alt=\"Mu\u011fla, Marmaris, 2017, Neutral Density Filter\" class=\"slider-859 slide-883\" \/><div class=\"caption-wrap\"><div class=\"caption\">Mu\u011fla, Marmaris, 2017, Neutral Density Filter<\/div><\/div><\/li>\n            <\/ul>\n        <\/div>\n        \n    <\/div>\n<\/div>\t\t<\/div>\n\t\t\t\t<\/div>\n\t\t\t\t\t<\/div>\n\t\t<\/div>\n\t\t\t\t\t<\/div>\n\t\t<\/section>\n\t\t\t\t<section class=\"elementor-section elementor-top-section elementor-element elementor-element-qr3t29y elementor-section-boxed elementor-section-height-default elementor-section-height-default\" data-id=\"qr3t29y\" data-element_type=\"section\">\n\t\t\t\t\t\t<div class=\"elementor-container elementor-column-gap-default\">\n\t\t\t\t\t<div class=\"elementor-column elementor-col-100 elementor-top-column elementor-element elementor-element-t67ipdk\" data-id=\"t67ipdk\" data-element_type=\"column\">\n\t\t\t<div class=\"elementor-widget-wrap elementor-element-populated\">\n\t\t\t\t\t\t<div class=\"elementor-element elementor-element-g30g8dd elementor-align-center elementor-widget elementor-widget-button\" data-id=\"g30g8dd\" data-element_type=\"widget\" data-widget_type=\"button.default\">\n\t\t\t\t<div class=\"elementor-widget-container\">\n\t\t\t\t\t<div class=\"elementor-button-wrapper\">\n\t\t\t<a class=\"elementor-button elementor-button-link elementor-size-sm\" href=\"http:\/\/f9project.com\/?page_id=166\">\n\t\t\t\t\t\t<span class=\"elementor-button-content-wrapper\">\n\t\t\t\t\t\t<span class=\"elementor-button-icon elementor-align-icon-left\">\n\t\t\t\t\t\t\t\t\t<i class=\"fa fa-arrow-circle-left\" aria-hidden=\"true\"><\/i>\n\t\t\t\t\t\t\t<\/span>\n\t\t\t\t\t\t\t\t\t<span class=\"elementor-button-text\">\"ND Filtreler - Yurt i\u00e7i\" sayfas\u0131na geri d\u00f6n...<\/span>\n\t\t\t\t\t<\/span>\n\t\t\t\t\t<\/a>\n\t\t<\/div>\n\t\t\t\t<\/div>\n\t\t\t\t<\/div>\n\t\t\t\t\t<\/div>\n\t\t<\/div>\n\t\t\t\t\t<\/div>\n\t\t<\/section>\n\t\t\t\t<\/div>\n\t\t ","protected":false},"excerpt":{"rendered":"<p>&#8220;ND Filtreler &#8211; Yurt i\u00e7i&#8221; sayfas\u0131na geri d\u00f6n&#8230;<\/p>\n","protected":false},"author":1,"featured_media":0,"parent":0,"menu_order":0,"comment_status":"open","ping_status":"closed","template":"page-templates\/page_fullwidth.php","meta":{"footnotes":""},"_links":{"self":[{"href":"https:\/\/f9project.com\/index.php?rest_route=\/wp\/v2\/pages\/856"}],"collection":[{"href":"https:\/\/f9project.com\/index.php?rest_route=\/wp\/v2\/pages"}],"about":[{"href":"https:\/\/f9project.com\/index.php?rest_route=\/wp\/v2\/types\/page"}],"author":[{"embeddable":true,"href":"https:\/\/f9project.com\/index.php?rest_route=\/wp\/v2\/users\/1"}],"replies":[{"embeddable":true,"href":"https:\/\/f9project.com\/index.php?rest_route=%2Fwp%2Fv2%2Fcomments&post=856"}],"version-history":[{"count":4,"href":"https:\/\/f9project.com\/index.php?rest_route=\/wp\/v2\/pages\/856\/revisions"}],"predecessor-version":[{"id":886,"href":"https:\/\/f9project.com\/index.php?rest_route=\/wp\/v2\/pages\/856\/revisions\/886"}],"wp:attachment":[{"href":"https:\/\/f9project.com\/index.php?rest_route=%2Fwp%2Fv2%2Fmedia&parent=856"}],"curies":[{"name":"wp","href":"https:\/\/api.w.org\/{rel}","templated":true}]}}